ands digit of 12461334?
1
What is the hundreds digit of 12476898?
8
What is the tens digit of 137453?
5
What is the ten thousands digit of 1291990?
9
What is the hundreds digit of 13487223?
2
What is the ten thousands digit of 325558?
2
What is the tens digit of 5889993?
9
What is the ten thousands digit of 636801?
3
What is the hundreds digit of 8093001?
0
What is the thousands digit of 294028?
4
What is the units digit of 1856431?
1
What is the ten thousands digit of 541768?
4
What is the tens digit of 247960?
6
What is the thousands digit of 2140774?
0
What is the hundred thousands digit of 430686?
4
What is the tens digit of 93795?
9
What is the ten thousands digit of 190845?
9
What is the tens digit of 9323233?
3
What is the tens digit of 350331?
3
What is the tens digit of 50141?
4
What is the hundred thousands digit of 141108?
1
What is the thousands digit of 18420322?
0
What is the thousands digit of 1197945?
7
What is the hundreds digit of 320853?
8
What is the thousands digit of 1020104?
0
What is the hundred thousands digit of 1261465?
2
What is the ten thousands digit of 571732?
7
What is the millions digit of 2138614?
2
What is the hundred thousands digit of 4425473?
4
What is the millions digit of 13795920?
3
What is the millions digit of 8977330?
8
What is the hundred thousands digit of 660539?
6
What is the units digit of 1194494?
4
What is the thousands digit of 2535695?
5
What is the millions digit of 12115427?
2
What is the hundreds digit of 6758346?
3
What is the hundreds digit of 436952?
9
What is the hundred thousands digit of 19074005?
0
What is the tens digit of 283102?
0
What is the hundreds digit of 2232925?
9
What is the ten thousands digit of 1247004?
4
What is the hundreds digit of 13123783?
7
What is the ten thousands digit of 18086496?
8
What is the tens digit of 11103597?
9
What is the hundred thousands digit of 4520116?
5
What is the ten thousands digit of 15588522?
8
What is the tens digit of 2874500?
0
What is the thousands digit of 46499?
6
What is the units digit of 654122?
2
What is the units digit of 4500265?
5
What is the hundred thousands digit of 2180523?
1
What is the thousands digit of 228684?
8
What is the thousands digit of 1451097?
1
What is the hundreds digit of 17147772?
7
What is the millions digit of 12721031?
2
What is the millions digit of 4049072?
4
What is the units digit of 2381182?
2
What is the thousands digit of 237215?
7
What is the millions digit of 1740424?
1
What is the units digit of 3562559?
9
What is the thousands digit of 2440329?
0
What is the hundreds digit of 258940?
9
What is the ten thousands digit of 4975338?
7
What is the hundreds digit of 3087514?
5
What is the thousands digit of 2306601?
6
What is the hundred thousands digit of 11180778?
1
What is the hundred thousands digit of 3760078?
7
What is the tens digit of 62130?
3
What is the hundred thousands digit of 13170414?
1
What is the ten thousands digit of 1504596?
0
What is the thousands digit of 46021?
6
What is the ten thousands digit of 245275?
4
What is the thousands digit of 2043595?
3
What is the hundreds digit of 14617?
6
What is the hundred thousands digit of 857868?
8
What is the tens digit of 21785926?
2
What is the units digit of 216307?
7
What is the thousands digit of 37470?
7
What is the ten thousands digit of 931120?
3
What is the units digit of 784157?
7
What is the units digit of 794736?
6
What is the hundred thousands digit of 203831?
2
What is the hundreds digit of 2059765?
7
What is the hundreds digit of 1446828?
8
What is the thousands digit of 100394?
0
What is the millions digit of 1783097?
1
What is the ten thousands digit of 2526434?
2
What is the ten thousands digit of 12335914?
3
What is the units digit of 182735?
5
What is the tens digit of 389352?
5
What is the hundreds digit of 9154460?
4
What is the tens digit of 35075029?
2
What is the tens digit of 599718?
1
What is the hundred thousands digit of 224474?
2
What is the hundreds digit of 1081607?
6
What is the ten thousands digit of 1080013?
8
What is the millions digit of 17535311?
7
What is the units digit of 6133466?
6
What is the hundred thousands digit of 6124939?
1
What is the units digit of 300965?
5
What is the tens digit of 80035?
3
What is the tens digit of 1164493?
9
What is the units digit of 161840?
0
What is the hundred thousands digit of 5605267?
6
What is the tens digit of 158081?
8
What is the thousands digit of 9718534?
8
What is the thousands digit of 7315430?
5
What is the units digit of 2030043?
3
What is the thousands digit of 2709610?
9
What is the hundred thousands digit of 11829276?
8
What is the thousands digit of 4216892?
6
What is the units digit of 554003?
3
What is the ten thousands digit of 11426469?
2
What is the hundreds digit of 76699?
6
What is the hundred thousands digit of 22904769?
9
What is the units digit of 3775307?
7
What is the units digit of 18596355?
5
What is the ten thousands digit of 123890?
2
What is the ten thousands digit of 823526?
2
What is the hundreds digit of 8343721?
7
What is the tens digit of 16114308?
0
What is the hundreds digit of 221853?
8
What is the hundred thousands digit of 1541914?
5
What is the thousands digit of 2373906?
3
What is the millions digit of 1621690?
1
What is the hundred thousands digit of 106673?
1
What is the tens digit of 76780?
8
What is the ten thousands digit of 1160387?
6
What is the thousands digit of 1642710?
2
What is the tens digit of 49855?
5
What is the tens digit of 513745?
4
What is the hundred thousands digit of 598620?
5
What is the hundreds digit of 839546?
5
What is the thousands digit of 320464?
0
What is the ten thousands digit of 169302?
6
What is the units digit of 720707?
7
What is the tens digit of 139917?
1
What is the units digit of 64956?
6
What is the thousands digit of 438571?
8
What is the hundreds digit of 123051?
0
What is the thousands digit of 277563?
7
What is the units digit of 1783602?
2
What is the ten thousands digit of 20412705?
1
What is the hundred thousands digit of 521434?
5
What is the hundreds digit of 1087537?
5
What is the thousands digit of 404878?
4
What is the units digit of 1764730?
0
What is the thousands digit of 729080?
9
What is the hundred thousands digit of 343005?
3
What is the tens digit of 1120539?
3
What is the hundred thousands digit of 135130?
1
What is the hundred thousands digit of 22558229?
5
What is the thousands digit of 559191?
9
What is the hundreds digit of 2782756?
7
What is the units digit of 146819?
9
What is the hundred thousands digit of 4420921?
4
What is the hundred thousands digit of 3226317?
2
What is the tens digit of 1113668?
6
What is the hundreds digit of 2988033?
0
What is the thousands digit of 716405?
6
What is the thousands digit of 63890?
3
What is the units digit of 561597?
7
What is the ten thousands digit of 1983742?
8
What is the tens digit of 4346266?
6
What is the millions digit of 4716637?
4
What is the thousands digit of 171111?
1
What is the tens digit of 88404?
0
What is the ten thousands digit of 240961?
4
What is the hundreds digit of 158136?
1
What is the units digit of 7666629?
9
What is the ten thousands digit of 2911852?
1
What is the units digit of 1293?
3
What is the hundreds digit of 198416?
4
What is the thousands digit of 477081?
7
What is the hundreds digit of 1048813?
8
What is the tens digit of 749293?
9
What is the hundreds digit of 405449?
4
What is the units digit of 6198753?
3
What is the thousands digit of 747098?
7
What is the hundred thousands digit of 2494053?
4
What is the millions digit of 6407977?
6
What is the units digit of 297233?
3
What is the hundred thousands digit of 289752?
2
What is the ten thousands digit of 11083053?
8
What is the hundred thousands digit of 1082157?
0
What is the hundred thousands digit of 3286083?
2
What is the tens digit of 196478?
7
What is the hundred thousands digit of 1199615?
1
What is the hundreds digit of 191270?
2
What is the units digit of 762097?
7
What is the tens digit of 2771338?
3
What is the hundred thousands digit of 834664?
8
What is the hundreds digit of 1273764?
7
What is the hundreds digit of 914873?
8
What is the units digit of 489344?
4
What is the units digit of 562367?
7
Wha